p + 114 = x + 4*p. What is the greatest common divisor of x and 21?
21
Suppose 2*b + 16 = 12. Let f be (1 - (b - -1))*41. What is the greatest common factor of 205 and f?
41
Suppose -246*r - 128 = -250*r. Suppose 4*f = f + 12. What is the greatest common factor of r and f?
4
Suppose -12 - 58 = -5*m. Let a(w) = 2*w**2 - 16*w - 6. Let n be a(m). Calculate the highest common factor of 18 and n.
18
Let b(o) = -18*o + 21. Let m(u) = 12*u - 14. Let r(s) = 5*b(s) + 7*m(s). Let v be r(-3). What is the highest common factor of v and 75?
25
Let x = -45 + 77. Suppose 4*n - 96 = 4*g, -n + x = -0*n - 5*g. Calculate the highest common divisor of 2 and n.
2
Let d be (-2)/4*-8*2. Let t = 23 + d. Suppose -4*v + 1 = -t. What is the greatest common factor of 4 and v?
4
Let l be ((-13)/((-13)/(-6)))/(1/(-4)). What is the greatest common factor of 72 and l?
24
Let k(o) = 3*o - 3. Let n(t) = 2*t - 2. Let u be n(2). Let f be k(u). What is the greatest common factor of 12 and f?
3
Let n = 155 + -136. Suppose -u - n = -3*f, -7*f + 2*u = -5*f - 18. Let i = 42 + -22. What is the greatest common divisor of i and f?
5
Suppose 6*b - 1680 = -b. What is the highest common divisor of 160 and b?
80
Let w = 8 - 0. Let u be (-32)/(-2) - w/4. What is the greatest common divisor of u and 7?
7
Suppose -4*z - 123 = 29. Let d = z + 62. Calculate the greatest common divisor of d and 12.
12
Suppose 2*v - i = 6, -2*v - 2*i + 15 = 3*v. Suppose v*f - 2*f + 65 = 5*z, -33 = -4*z - 3*f. What is the greatest common divisor of z and 36?
12
Let a = 3 + -8. Let f = a - -7. Let k be 2/(2/(2/f)). Calculate the highest common factor of 2 and k.
1
Let d be (-9)/(-2)*(104/12 + -8). Let q(y) = 5*y**2 - 3*y - 3. Let j be q(d). Calculate the greatest common divisor of 3 and j.
3
Suppose 5*r + 2*j - 5 = 5, -3*r = 2*j - 2. Suppose -2*b + 48 = -4*o + 12, -5*b + r*o + 96 = 0. What is the greatest common divisor of 160 and b?
20
Let y be 14/4 - 42/(-84). Suppose 4 = 2*x - 2. Suppose -5*r + i + 11 = -32, -3*r + 33 = -x*i. Calculate the greatest common factor of r and y.
4
Let r(f) = 13*f**2 + 6*f + 20. Let t be r(-4). What is the greatest common divisor of t and 24?
12
Let f(j) = j**2 - 8*j - 23. Let y be f(-4). What is the highest common factor of y and 625?
25
Suppose 16*c + 1 - 17 = 0. Let b be (-1)/(((-6)/(-14))/(-3)). What is the greatest common factor of b and c?
1
Suppose 38 = -4*f + 2. Let u(c) = -5*c - 5. Let l(q) = -11*q - 11. Let x(d) = f*u(d) + 4*l(d). Let p be x(0). Calculate the highest common factor of 3 and p.
1
Suppose 8*y - 75 = 69. What is the greatest common factor of 45 and y?
9
Let o = -1922 + 1947. What is the greatest common factor of 2025 and o?
25
Suppose 147 = -31*q + 28*q. Let w = q + 62. Calculate the greatest common factor of 65 and w.
13
Suppose 8*f - 56 = 64. Calculate the greatest common divisor of 12 and f.
3
Let x = -96 - -55. Let g = x + 59. Suppose -12 - 24 = -s. Calculate the highest common factor of g and s.
18
Let s = -1766 - -2355. What is the greatest common factor of s and 38?
19
Suppose 4*g = g + 9. Suppose -3*i + 3*o = 3, -3 = -5*i - 2*o + 20. Calculate the highest common divisor of i and g.
3
Let f(a) = 25*a**2 - 4*a. Let l be f(8). Calculate the greatest common divisor of 16 and l.
16
Suppose -30*r + 31*r = 13. Suppose -r = -2*v + u + 14, -u = 5*v - 78. Calculate the greatest common factor of v and 120.
15
Suppose -4*w = 2285 - 2385. What is the greatest common factor of 265 and w?
5
Let x = 12 - 8. Let y = x - 1. Calculate the highest common factor of 2 and y.
1
Let z = -572 - -597. Calculate the greatest common divisor of 400 and z.
25
Let o be (5 + (-11 - 4/(-1)))/(-1). What is the greatest common divisor of o and 17?
1
Let l(a) = 28*a + 8. Let o be l(0). Let s be 78/9 - (-2)/(-3). Calculate the highest common factor of o and s.
8
Let o be 1/3*393 + -2 + -1. What is the highest common factor of 144 and o?
16
Let w be ((-36)/(-16))/((-1)/(-8)). Let n be 15*-2*(-33)/w. What is the highest common divisor of 11 and n?
11
Let s(q) = 31*q - 21. Let o be s(3). Let y be (o/6 - 1) + -2. Calculate the highest common divisor of 9 and y.
9
Let s = 858 - 554. Let a = s + -192. Suppose 0 = 2*l - 14 - 18. What is the greatest common divisor of a and l?
16
Let h = -26 + 25. Let p be (17 - 7)*((-4)/h + -3). Calculate the highest common divisor of p and 130.
10
Suppose -2*g = -3*j + 6, 3*j = 2*j + g + 3. Suppose j = 9*z - 825 + 123. What is the highest common factor of z and 6?
6
Let o(x) = x. Let g(r) = -2*r**2 - 18*r + 4. Let v(m) = g(m) + 2*o(m). Let y be v(-7). What is the greatest common divisor of 12 and y?
6
Suppose 0 = -m - 29 + 216. Suppose 0 = -9*f + 65 + m. What is the highest common divisor of 42 and f?
14
Let l(f) = -17*f - 53. Let c be l(-8). Let i = c - 79. Calculate the highest common factor of i and 6.
2
Let a(p) = p**3 - 3*p**2 + 3*p + 1. Let q be a(3). Let c be (-20)/(-12)*(-240)/(-8). Calculate the greatest common divisor of c and q.
10
Let c(k) = -k + 10. Let o be c(10). Suppose -32 = -2*b - o*r - r, -3*r + 12 = 0. Suppose -2*x = -7*x + 210. Calculate the greatest common factor of b and x.
14
Let s = 93 + -90. What is the highest common divisor of s and 63?
3
Suppose 15*q - 11*q - 460 = 0. Let w = -5 + 7. Suppose -2*s = 3*v - 52, 0 = -s + w*v - 6*v + 31. What is the greatest common factor of s and q?
23
Let j = -1499 + 1505. What is the highest common factor of j and 138?
6
Suppose 2*o = 7*o - 65. Suppose 14*m - o*m = 20. Let i be (-724)/(-4) + (-3)/3. Calculate the highest common factor of m and i.
20
Suppose 0 = 5*r - 2*u + 16, r - u - 7 = 6*r. Let s be (r - (-193)/4) + 17/(-68). What is the greatest common factor of s and 46?
46
Let a(n) = -23*n - 803. Let t be a(-39). Calculate the highest common divisor of 1034 and t.
94
Let f be 7*((-33)/7 - -3). Let o = f + 15. Let u(b) = b - 2. Let x be u(4). Calculate the greatest common divisor of x and o.
1
Suppose 3*b = 5*x - 1, 213*x + 30 = 5*b + 211*x. What is the greatest common factor of b and 1576?
8
Let k(d) = -11*d - 1. Let o be k(-2). Let m = 24 - 8. Suppose 5*f = -4*r + 38, 0*r + f = -2*r + m. Calculate the highest common divisor of r and o.
7
Let d(p) = -p**2 + 13*p - 2. Let m = 24 - 11. Let w be d(m). Let u be (4 - 3)/(w/(-140)). What is the highest common factor of 10 and u?
10
Suppose 0 = 4*b - 2*b - 400. Suppose -v + b = 4*v. Suppose -3*c + 300 = -2*x, -c = 2*x - v - 68. What is the greatest common factor of 17 and c?
17
Let o = 10 + -6. Let g be ((-11)/4 + o)*12. Calculate the greatest common factor of 10 and g.
5
Suppose -14*n + 1093 = -1889. Calculate the highest common divisor of n and 284.
71
Let l = -1535 - -2417. Suppose 12*g + 2*g = l. Calculate the greatest common factor of g and 9.
9
Let c(j) = 2*j**3 - 4*j**2 + 3*j - 1. Let t be c(2). Let p(u) = -3 + 2 - 4*u + 7*u - 2. Let q be p(t). Calculate the highest common factor of 18 and q.
6
Suppose 36*a - 34*a - 306 = -2*d, 0 = -2*d - 4*a + 296. Calculate the greatest common divisor of 237 and d.
79
Let t(w) = 5*w**2 - 15*w - 5. Let n be t(7). Let q = 55 + -28. What is the highest common factor of q and n?
27
Let f(h) = 3 + 0 - 8*h + 2 - 7. Let d be f(-3). Suppose 7 - 73 = -3*q - 2*i, -q = 3*i - d. Calculate the greatest common divisor of q and 55.
11
Suppose 0 = g - 319 + 119. Calculate the greatest common factor of g and 20.
20
Let p(j) = j**2 - 10*j - 8. Let i(b) = -b. Let w(g) = -3*i(g) - p(g). Let k be w(10). What is the highest common divisor of k and 95?
19
Let h(o) = -o**2 - 3*o - 7. Let k = 8 - 4. Let q be h(k). Let i be 14/5 + 28/q. Calculate the highest common divisor of i and 16.
2
Let k be (-63)/(-9) + -1 - -604. What is the highest common divisor of k and 10?
10
Let u be (2 + 19)/((-1)/5). Let n = u + 160. Suppose g = -4*g + n. Calculate the highest common divisor of g and 11.
11
Let p be -1 - (-7)/(28/8) - 0. Suppose -l + 4 + p = 0. What is the greatest common factor of l and 5?
5
Let s = -662 - -684. What is the greatest common divisor of 913 and s?
11
Let f = 691 - -1751. Calculate the highest common divisor of f and 66.
66
Suppose -u = -5*c + 105, 3*u + 111 + 4 = 5*c. Calculate the greatest common factor of c and 36.
4
Let q be (2/(-6))/((-5)/210). Let v(b) = b + 34. Let l be v(8). What is the highest common divisor of l 